{"id":1643,"date":"2021-05-09T15:00:23","date_gmt":"2021-05-09T18:00:23","guid":{"rendered":"https:\/\/fiq.unl.edu.ar\/museo\/archivo\/?page_id=1643"},"modified":"2022-05-17T19:36:03","modified_gmt":"2022-05-17T22:36:03","slug":"25aniversario","status":"publish","type":"page","link":"https:\/\/fiq.unl.edu.ar\/museo\/archivo\/documentos\/25aniversario\/","title":{"rendered":"25\u00ba Aniversario de la Iniciaci\u00f3n de los Cursos de la Facultad y notas varias"},"content":{"rendered":"[vc_row][vc_column][vc_empty_space height=&#8221;80px&#8221;][\/vc_column][\/vc_row][vc_row][vc_column width=&#8221;1\/2&#8243;][vc_single_image image=&#8221;1673&#8243; img_size=&#8221;full&#8221; onclick=&#8221;link_image&#8221;][\/vc_column][vc_column width=&#8221;1\/2&#8243;]<div class=\"norebro-heading-sc heading text-left\"\n\tid=\"norebro-custom-69e1bb975d28b\" \n\t \n\t>\n\t\n\t\n\t\n\t<h3 class=\"title\">\n\t\t25\u00ba Aniversario de la Iniciaci\u00f3n de los Cursos de la Facultad y notas varias\t<\/h3>\n\n\t\n\t\t\t<p class=\"subtitle\">\n\t\t\t\t\t<\/p>\n\t\t\n<\/div><div class=\"norebro-text-sc \" \n\tid=\"norebro-custom-69e1bb975d315\" \n\t \n\t>\n\n\t<p class=\"p1\">Ministerio de Justicia e Instrucci\u00f3n P\u00fablica. Universidad Nacional del Litoral. Publicaciones de la Facultad de Qu\u00edmica Industrial y Agr\u00edcola.<\/p>\n<p>Santa Fe, Rep\u00fablica Argentina. 1946.<\/p>\n<p><em>El presente folleto, con una cr\u00f3nica de los actos conmemorativos\u00a0 del 25\u00ba aniversario de la fundaci\u00f3n de la Facultad de Qu\u00edmica Industrial y Agr\u00edcola, fue preparado por las autoridades que lo celebraron.<\/em><\/p>\n\t\n<\/div>[vc_empty_space height=&#8221;10px&#8221;]<div class=\"norebro-button-sc btn-wrap text-left\" \n\tid=\"norebro-custom-69e1bb975d35c\"\n\t \n\t>\n\n\t<a href=\"http:\/\/fiq.unl.edu.ar\/museo\/archivo\/wp-content\/uploads\/2021\/05\/25-Aniversario-de-la-Iniciacion-de-los-Cursos-de-la-Facultad-y-notas-varias.pdf\" target=\"_blank\" \n\t\tclass=\"btn  btn-squared btn-large\">\n\n\t\t\n\t\t<span class=\"text\">\n\t\t\tDescargar\t\t<\/span>\n\n\t\t\n\t\t\t<\/a>\n\n<\/div>[vc_empty_space height=&#8221;10px&#8221;][\/vc_column][\/vc_row]\n","protected":false},"excerpt":{"rendered":"<p>[vc_row][vc_column][vc_empty_space height=&#8221;80px&#8221;][\/vc_column][\/vc_row][vc_row][vc_column width=&#8221;1\/2&#8243;][vc_single_image image=&#8221;1673&#8243; img_size=&#8221;full&#8221; onclick=&#8221;link_image&#8221;][\/vc_column][vc_column width=&#8221;1\/2&#8243;][vc_empty_space height=&#8221;10px&#8221;][vc_empty_space height=&#8221;10px&#8221;][\/vc_column][\/vc_row]<\/p>\n","protected":false},"author":3,"featured_media":0,"parent":1717,"menu_order":0,"comment_status":"closed","ping_status":"closed","template":"","meta":[],"_links":{"self":[{"href":"https:\/\/fiq.unl.edu.ar\/museo\/archivo\/wp-json\/wp\/v2\/pages\/1643"}],"collection":[{"href":"https:\/\/fiq.unl.edu.ar\/museo\/archivo\/wp-json\/wp\/v2\/pages"}],"about":[{"href":"https:\/\/fiq.unl.edu.ar\/museo\/archivo\/wp-json\/wp\/v2\/types\/page"}],"author":[{"embeddable":true,"href":"https:\/\/fiq.unl.edu.ar\/museo\/archivo\/wp-json\/wp\/v2\/users\/3"}],"replies":[{"embeddable":true,"href":"https:\/\/fiq.unl.edu.ar\/museo\/archivo\/wp-json\/wp\/v2\/comments?post=1643"}],"version-history":[{"count":5,"href":"https:\/\/fiq.unl.edu.ar\/museo\/archivo\/wp-json\/wp\/v2\/pages\/1643\/revisions"}],"predecessor-version":[{"id":1674,"href":"https:\/\/fiq.unl.edu.ar\/museo\/archivo\/wp-json\/wp\/v2\/pages\/1643\/revisions\/1674"}],"up":[{"embeddable":true,"href":"https:\/\/fiq.unl.edu.ar\/museo\/archivo\/wp-json\/wp\/v2\/pages\/1717"}],"wp:attachment":[{"href":"https:\/\/fiq.unl.edu.ar\/museo\/archivo\/wp-json\/wp\/v2\/media?parent=1643"}],"curies":[{"name":"wp","href":"https:\/\/api.w.org\/{rel}","templated":true}]}}