{"id":23,"date":"2017-04-26T15:35:22","date_gmt":"2017-04-26T15:35:22","guid":{"rendered":"https:\/\/fiq.unl.edu.ar\/vivilafiq\/?page_id=23"},"modified":"2020-08-21T05:27:18","modified_gmt":"2020-08-21T05:27:18","slug":"inicio","status":"publish","type":"page","link":"https:\/\/fiq.unl.edu.ar\/vivilafiq\/inicio\/","title":{"rendered":"Inicio"},"content":{"rendered":"<p>[vc_row video_bg=\u00bbyes\u00bb video_bg_url=\u00bbhttps:\/\/youtu.be\/4NDdWJLcJWk\u00bb u_row_style=\u00bb1&#8243; u_row_paralax=\u00bb0&#8243; u_row_scheme=\u00bb0&#8243;][vc_column width=\u00bb2\/3&#8243;][vc_video link=\u00bbhttps:\/\/www.youtube.com\/watch?v=C1ayzRkEgxU&amp;list=PLBXSGTon0SjGW0w7nIJb7Qxw4UEIuvInS\u00bb][\/vc_column][vc_column width=\u00bb1\/3&#8243;][vc_column_text]<\/p>\n<h2>\u00a1Bienvenidos a la FIQ!<\/h2>\n<p>La Facultad de Ingenier\u00eda Qu\u00edmica, nacida en 1919 conjuntamente con la Universidad Nacional del Litoral, se convirti\u00f3 en la primera casa en ofrecer la carrera\u00a0 de Ingenier\u00eda Qu\u00edmica no solo en el pa\u00eds sino tambi\u00e9n en Am\u00e9rica del Sur.<\/p>\n<p>En la actualidad, su amplia oferta acad\u00e9mica\u00a0 de grado y posgrado, sumada a excelencia de los estudios impartidos, la calidad de sus egresados y su aporte destacado al desarrollo cient\u00edfico-tecnol\u00f3gico, la hacen merecedora de un alto reconocimiento social y la posicionan como un referente indiscutido a nivel nacional e internacional.[\/vc_column_text][\/vc_column][\/vc_row][vc_row u_row_style=\u00bb0&#8243; u_row_paralax=\u00bb0&#8243; u_row_scheme=\u00bb0&#8243;][vc_column][vc_empty_space height=\u00bb20px\u00bb][vc_column_text]<\/p>\n<h1>Inscripciones al cursado<\/h1>\n<p>Los siguientes botones son para casos excepcionales con respecto a las inscripciones a cursado. Te pedimos que primero revises el <a href=\"https:\/\/fiq.unl.edu.ar\/vivilafiq\/inscripcion-asignaturas\/\">instructivo<\/a> en casos de tener dudas de procedimiento en el SIU Guarani 3.[\/vc_column_text][vc_empty_space height=\u00bb20px\u00bb][vc_btn title=\u00bbINSCRIPCI\u00d3N A INGL\u00c9S I y II\u00bb style=\u00bb3d\u00bb shape=\u00bbsquare\u00bb color=\u00bborange\u00bb size=\u00bblg\u00bb align=\u00bbleft\u00bb i_type=\u00bbmaterial\u00bb i_icon_material=\u00bbvc-material vc-material-arrow_forward\u00bb button_block=\u00bbtrue\u00bb add_icon=\u00bbtrue\u00bb link=\u00bburl:http%3A%2F%2Ffiq.unl.edu.ar%2Fvivilafiq%2Finscripcion-a-ingles-i-y-ii-1c-2020%2F|||\u00bb][vc_empty_space height=\u00bb20px\u00bb][vc_btn title=\u00bbRECLAMOS INSCRIPCI\u00d3N SIU GUARANI\u00bb style=\u00bb3d\u00bb shape=\u00bbsquare\u00bb color=\u00bbpeacoc\u00bb size=\u00bblg\u00bb align=\u00bbleft\u00bb i_type=\u00bbmaterial\u00bb i_icon_material=\u00bbvc-material vc-material-arrow_forward\u00bb button_block=\u00bbtrue\u00bb add_icon=\u00bbtrue\u00bb link=\u00bburl:https%3A%2F%2Fforms.gle%2Fc1XKJBtoERoLpcXY6|||\u00bb][vc_empty_space height=\u00bb20px\u00bb][\/vc_column][\/vc_row][vc_row equal_height=\u00bbyes\u00bb disable_element=\u00bbyes\u00bb u_row_style=\u00bb0&#8243; u_row_paralax=\u00bb0&#8243; u_row_scheme=\u00bb0&#8243;][vc_column][vc_empty_space height=\u00bb20&#8243;][vc_single_image image=\u00bb4808&#8243; img_size=\u00bbfull\u00bb alignment=\u00bbcenter\u00bb onclick=\u00bbcustom_link\u00bb link=\u00bbhttps:\/\/fiq.unl.edu.ar\/vivilafiq\/semana-de-ingresantes-2020&#8243;][\/vc_column][\/vc_row][vc_row equal_height=\u00bbyes\u00bb u_row_style=\u00bb0&#8243; u_row_paralax=\u00bb0&#8243; u_row_scheme=\u00bb0&#8243;][vc_column][vc_empty_space height=\u00bb20px\u00bb][vc_separator][vc_column_text]<\/p>\n<h4>\u00daLTIMAS NOTICIAS \/ <a href=\"https:\/\/fiq.unl.edu.ar\/vivilafiq\/?cat=31\">VER TODAS<\/a><\/h4>\n<p>[\/vc_column_text][vc_basic_grid post_type=\u00bbpost\u00bb max_items=\u00bb3&#8243; gap=\u00bb10&#8243; item=\u00bb3013&#8243; grid_id=\u00bbvc_gid:1597987717318-542c4cff-7249-4&#8243; taxonomies=\u00bb31&#8243;][vc_empty_space height=\u00bb20px\u00bb][\/vc_column][\/vc_row][vc_row content_placement=\u00bbmiddle\u00bb u_row_style=\u00bb1&#8243; u_row_paralax=\u00bb0&#8243; u_row_scheme=\u00bb0&#8243; css=\u00bb.vc_custom_1503916441926{background-color: #1adbc1 !important;}\u00bb][vc_column width=\u00bb1\/4&#8243;][vc_custom_heading text=\u00bbIngresantes\u00bb font_container=\u00bbtag:h1|text_align:left|color:%23ffffff\u00bb google_fonts=\u00bbfont_family:Montserrat%3Aregular%2C700|font_style:700%20bold%20regular%3A700%3Anormal\u00bb link=\u00bburl:http%3A%2F%2Ffiq.unl.edu.ar%2Fvivilafiq%2Fingresantes%2F|||\u00bb][\/vc_column][vc_column width=\u00bb1\/4&#8243;][vc_single_image image=\u00bb4809&#8243; img_size=\u00bbfull\u00bb onclick=\u00bbcustom_link\u00bb link=\u00bbhttps:\/\/fiq.unl.edu.ar\/vivilafiq\/ingreso-2020\/\u00bb][\/vc_column][vc_column width=\u00bb1\/4&#8243;][vc_single_image image=\u00bb4805&#8243; img_size=\u00bbfull\u00bb onclick=\u00bbcustom_link\u00bb link=\u00bbhttps:\/\/fiq.unl.edu.ar\/vivilafiq\/ingresantes\/fiq_carreras\/\u00bb][\/vc_column][vc_column width=\u00bb1\/4&#8243;][vc_single_image image=\u00bb4804&#8243; img_size=\u00bbfull\u00bb onclick=\u00bbcustom_link\u00bb img_link_target=\u00bb_blank\u00bb link=\u00bbhttp:\/\/www.fiq.unl.edu.ar\/pages\/estudios\/consultas&#8212;faq\/preguntas-frecuentes-y-respuestas&#8212;alumnos-ingresantes.php\u00bb][\/vc_column][\/vc_row][vc_row content_placement=\u00bbmiddle\u00bb disable_element=\u00bbyes\u00bb u_row_style=\u00bb1&#8243; u_row_paralax=\u00bb0&#8243; u_row_scheme=\u00bb0&#8243; css=\u00bb.vc_custom_1566930739754{background-color: #6c18cc !important;}\u00bb][vc_column width=\u00bb1\/4&#8243;][vc_custom_heading text=\u00bbEstudiantes\u00bb font_container=\u00bbtag:h1|text_align:left|color:%23ffffff\u00bb google_fonts=\u00bbfont_family:Montserrat%3Aregular%2C700|font_style:700%20bold%20regular%3A700%3Anormal\u00bb link=\u00bburl:http%3A%2F%2Ffiq.unl.edu.ar%2Fvivilafiq%2Falumnos%2F|||\u00bb][vc_btn title=\u00bbm\u00e1s info\u00bb style=\u00bb3d\u00bb shape=\u00bbsquare\u00bb color=\u00bbturquoise\u00bb align=\u00bbleft\u00bb i_icon_fontawesome=\u00bbfa fa-arrow-right\u00bb add_icon=\u00bbtrue\u00bb link=\u00bburl:http%3A%2F%2Ffiq.unl.edu.ar%2Fvivilafiq%2Falumnos%2F|||\u00bb][\/vc_column][vc_column width=\u00bb1\/4&#8243;][vc_single_image image=\u00bb2810&#8243; img_size=\u00bbfull\u00bb onclick=\u00bbcustom_link\u00bb link=\u00bbhttps:\/\/www.unl.edu.ar\/bienestar\/becas-para-estudiantes-universitarios\/\u00bb][\/vc_column][vc_column width=\u00bb1\/4&#8243;][vc_single_image image=\u00bb2814&#8243; img_size=\u00bbfull\u00bb onclick=\u00bbcustom_link\u00bb link=\u00bbhttps:\/\/fiq.unl.edu.ar\/vivilafiq\/?page_id=2846&#8243;][\/vc_column][vc_column width=\u00bb1\/4&#8243;][vc_single_image image=\u00bb3542&#8243; img_size=\u00bbfull\u00bb onclick=\u00bbcustom_link\u00bb img_link_target=\u00bb_blank\u00bb link=\u00bbhttp:\/\/www.fiq.unl.edu.ar\/pages\/estudios\/practicas-extracurriculares.php\u00bb][\/vc_column][\/vc_row][vc_row content_placement=\u00bbmiddle\u00bb disable_element=\u00bbyes\u00bb u_row_style=\u00bb1&#8243; u_row_paralax=\u00bb0&#8243; u_row_scheme=\u00bb0&#8243; css=\u00bb.vc_custom_1566930749111{background-color: #eaba00 !important;}\u00bb][vc_column width=\u00bb1\/4&#8243;][vc_custom_heading text=\u00bbComunidad<br \/>\ngraduada\u00bb font_container=\u00bbtag:h1|text_align:left|color:%23ffffff\u00bb google_fonts=\u00bbfont_family:Montserrat%3Aregular%2C700|font_style:700%20bold%20regular%3A700%3Anormal\u00bb link=\u00bburl:http%3A%2F%2Ffiq.unl.edu.ar%2Fvivilafiq%2Fgraduados%2F|||\u00bb][vc_btn title=\u00bbm\u00e1s info\u00bb style=\u00bb3d\u00bb shape=\u00bbsquare\u00bb color=\u00bbviolet\u00bb align=\u00bbleft\u00bb i_icon_fontawesome=\u00bbfa fa-arrow-right\u00bb add_icon=\u00bbtrue\u00bb link=\u00bburl:http%3A%2F%2Ffiq.unl.edu.ar%2Fvivilafiq%2Fgraduados%2F|||\u00bb][\/vc_column][vc_column width=\u00bb1\/4&#8243;][vc_single_image image=\u00bb3354&#8243; img_size=\u00bbfull\u00bb onclick=\u00bbcustom_link\u00bb link=\u00bbhttps:\/\/fiq.unl.edu.ar\/vivilafiq\/graduados\/relevamiento-de-datos-2\/\u00bb][\/vc_column][vc_column width=\u00bb1\/4&#8243;][vc_single_image image=\u00bb3353&#8243; img_size=\u00bbfull\u00bb onclick=\u00bbcustom_link\u00bb][\/vc_column][vc_column width=\u00bb1\/4&#8243;][vc_single_image image=\u00bb3352&#8243; img_size=\u00bbfull\u00bb onclick=\u00bbcustom_link\u00bb img_link_target=\u00bb_blank\u00bb link=\u00bbhttps:\/\/fiq.unl.edu.ar\/vivilafiq\/graduados\/difusion-de-carreras\/\u00bb][\/vc_column][\/vc_row][vc_row][vc_column][vc_empty_space height=\u00bb20px\u00bb][vc_separator][\/vc_column][\/vc_row][vc_row equal_height=\u00bbyes\u00bb u_row_style=\u00bb1&#8243; u_row_paralax=\u00bb0&#8243; u_row_scheme=\u00bb0&#8243;][vc_column width=\u00bb1\/3&#8243;][vc_btn title=\u00bbBIBLIOTECA\u00bb style=\u00bb3d\u00bb shape=\u00bbsquare\u00bb color=\u00bbturquoise\u00bb size=\u00bblg\u00bb align=\u00bbcenter\u00bb button_block=\u00bbtrue\u00bb link=\u00bburl:http%3A%2F%2Ffiq.unl.edu.ar%2Fvivilafiq%2Fbiblioteca-fiq%2F|||\u00bb][\/vc_column][vc_column width=\u00bb1\/3&#8243;][vc_btn title=\u00bbCALENDARIO FIQ\u00bb style=\u00bb3d\u00bb shape=\u00bbsquare\u00bb color=\u00bbdanger\u00bb size=\u00bblg\u00bb align=\u00bbcenter\u00bb button_block=\u00bbtrue\u00bb link=\u00bburl:http%3A%2F%2Fwww.fiq.unl.edu.ar%2Fmedia%2Fdocs%2FEstudio%2520Grado%2FCalendarios%2520Academicos%2FAprobar%2520Calendario%2520Acad%25C3%25A9mico%25202019.pdf||target:%20_blank|\u00bb][\/vc_column][vc_column width=\u00bb1\/3&#8243;][vc_btn title=\u00bbSIU GUARAN\u00cd\u00bb style=\u00bb3d\u00bb shape=\u00bbsquare\u00bb color=\u00bbblue\u00bb size=\u00bblg\u00bb align=\u00bbcenter\u00bb button_block=\u00bbtrue\u00bb link=\u00bburl:https%3A%2F%2Fservicios.unl.edu.ar%2Fguarani3%2Fautogestion%2F||target:%20_blank|\u00bb][\/vc_column][\/vc_row][vc_row][vc_column][vc_empty_space height=\u00bb20px\u00bb][vc_separator][vc_empty_space height=\u00bb50px\u00bb][\/vc_column][\/vc_row][vc_row equal_height=\u00bbyes\u00bb content_placement=\u00bbmiddle\u00bb u_row_style=\u00bb1&#8243; u_row_paralax=\u00bb0&#8243; u_row_scheme=\u00bb0&#8243;][vc_column width=\u00bb1\/4&#8243;][vc_custom_heading text=\u00bbSeguinos! #viv\u00edlaFIQ\u00bb font_container=\u00bbtag:h6|font_size:16|text_align:center|color:%23dd3333&#8243; google_fonts=\u00bbfont_family:Montserrat%3Aregular%2C700|font_style:700%20bold%20regular%3A700%3Anormal\u00bb link=\u00bb|||\u00bb][\/vc_column][vc_column width=\u00bb1\/4&#8243;][vc_btn title=\u00bbfacebook\u00bb style=\u00bboutline\u00bb color=\u00bbdanger\u00bb size=\u00bblg\u00bb align=\u00bbcenter\u00bb i_icon_fontawesome=\u00bbfa fa-facebook-official\u00bb button_block=\u00bbtrue\u00bb add_icon=\u00bbtrue\u00bb link=\u00bburl:https%3A%2F%2Fwww.facebook.com%2FFIQUNL%2F||target:%20_blank|\u00bb][\/vc_column][vc_column width=\u00bb1\/4&#8243;][vc_btn title=\u00bbinstagram\u00bb style=\u00bboutline\u00bb color=\u00bbdanger\u00bb size=\u00bblg\u00bb align=\u00bbcenter\u00bb i_icon_fontawesome=\u00bbfa fa-instagram\u00bb button_block=\u00bbtrue\u00bb add_icon=\u00bbtrue\u00bb link=\u00bburl:https%3A%2F%2Fwww.instagram.com%2Ffiqunl%2F||target:%20_blank|\u00bb][\/vc_column][vc_column width=\u00bb1\/4&#8243;][vc_btn title=\u00bbtwitter\u00bb style=\u00bboutline\u00bb color=\u00bbdanger\u00bb size=\u00bblg\u00bb align=\u00bbcenter\u00bb i_icon_fontawesome=\u00bbfa fa-twitter\u00bb button_block=\u00bbtrue\u00bb add_icon=\u00bbtrue\u00bb link=\u00bburl:https%3A%2F%2Ftwitter.com%2Ffiqunl||target:%20_blank|\u00bb][\/vc_column][\/vc_row][vc_row][vc_column][vc_empty_space height=\u00bb50px\u00bb][\/vc_column][\/vc_row][vc_row content_placement=\u00bbmiddle\u00bb u_row_style=\u00bb1&#8243; u_row_paralax=\u00bb0&#8243; u_row_scheme=\u00bb0&#8243; css=\u00bb.vc_custom_1503924220912{background-image: url(https:\/\/fiq.unl.edu.ar\/vivilafiq\/wp-content\/uploads\/2017\/08\/BG.png?id=2904) !important;background-position: 0 0 !important;background-repeat: repeat !important;}\u00bb][vc_column width=\u00bb1\/3&#8243;][\/vc_column][vc_column width=\u00bb1\/3&#8243;][vc_custom_heading text=\u00bb#viv\u00edlaFIQ . eleg\u00ed futuro\u00bb font_container=\u00bbtag:h3|text_align:center|color:%23ffffff\u00bb google_fonts=\u00bbfont_family:Lato%3A100%2C100italic%2C300%2C300italic%2Cregular%2Citalic%2C700%2C700italic%2C900%2C900italic|font_style:700%20bold%20regular%3A700%3Anormal\u00bb][\/vc_column][vc_column width=\u00bb1\/3&#8243;][\/vc_column][\/vc_row]<\/p>\n","protected":false},"excerpt":{"rendered":"<p>[vc_row video_bg=\u00bbyes\u00bb video_bg_url=\u00bbhttps:\/\/youtu.be\/4NDdWJLcJWk\u00bb u_row_style=\u00bb1&#8243; u_row_paralax=\u00bb0&#8243; u_row_scheme=\u00bb0&#8243;][vc_column width=\u00bb2\/3&#8243;][vc_video link=\u00bbhttps:\/\/www.youtube.com\/watch?v=C1ayzRkEgxU&amp;list=PLBXSGTon0SjGW0w7nIJb7Qxw4UEIuvInS\u00bb][\/vc_column][vc_column width=\u00bb1\/3&#8243;][vc_column_text] \u00a1Bienvenidos a la FIQ! La Facultad de Ingenier\u00eda Qu\u00edmica, nacida en 1919 conjuntamente con la Universidad Nacional del Litoral, se convirti\u00f3 en la primera casa en ofrecer la carrera\u00a0 de Ingenier\u00eda Qu\u00edmica no solo en el pa\u00eds sino tambi\u00e9n en Am\u00e9rica del Sur. En la actualidad, [&hellip;]<\/p>\n","protected":false},"author":2,"featured_media":0,"parent":0,"menu_order":0,"comment_status":"closed","ping_status":"closed","template":"page-templates\/front-page.php","meta":[],"_links":{"self":[{"href":"https:\/\/fiq.unl.edu.ar\/vivilafiq\/wp-json\/wp\/v2\/pages\/23"}],"collection":[{"href":"https:\/\/fiq.unl.edu.ar\/vivilafiq\/wp-json\/wp\/v2\/pages"}],"about":[{"href":"https:\/\/fiq.unl.edu.ar\/vivilafiq\/wp-json\/wp\/v2\/types\/page"}],"author":[{"embeddable":true,"href":"https:\/\/fiq.unl.edu.ar\/vivilafiq\/wp-json\/wp\/v2\/users\/2"}],"replies":[{"embeddable":true,"href":"https:\/\/fiq.unl.edu.ar\/vivilafiq\/wp-json\/wp\/v2\/comments?post=23"}],"version-history":[{"count":119,"href":"https:\/\/fiq.unl.edu.ar\/vivilafiq\/wp-json\/wp\/v2\/pages\/23\/revisions"}],"predecessor-version":[{"id":5243,"href":"https:\/\/fiq.unl.edu.ar\/vivilafiq\/wp-json\/wp\/v2\/pages\/23\/revisions\/5243"}],"wp:attachment":[{"href":"https:\/\/fiq.unl.edu.ar\/vivilafiq\/wp-json\/wp\/v2\/media?parent=23"}],"curies":[{"name":"wp","href":"https:\/\/api.w.org\/{rel}","templated":true}]}}