{"id":6626,"date":"2021-11-25T14:42:12","date_gmt":"2021-11-25T14:42:12","guid":{"rendered":"https:\/\/fiq.unl.edu.ar\/vivilafiq\/?page_id=6626"},"modified":"2023-01-31T16:26:23","modified_gmt":"2023-01-31T16:26:23","slug":"examenes","status":"publish","type":"page","link":"https:\/\/fiq.unl.edu.ar\/vivilafiq\/gestion-del-estudiante\/examenes\/","title":{"rendered":"Ex\u00e1menes"},"content":{"rendered":"<p>[vc_row][vc_column][vc_column_text]<span style=\"color: #ff0000;\">\u2022 <\/span>La <strong>inscripci\u00f3n a ex\u00e1menes<\/strong> <strong>finales <\/strong>se realiza a trav\u00e9s del Sistema <a href=\"https:\/\/servicios.unl.edu.ar\/guarani3\/autogestion\/ _blank\"><span style=\"color: #ff0000;\">SIU Guaran\u00ed<\/span><\/a> de cada alumno. En caso de que el sistema te informe un error y no puedas inscribirte, debes enviar a alumnado@fiq.unl.edu.ar,\u00a0dentro de los periodos de inscripci\u00f3n establecidos.<\/p>\n<p><span style=\"color: #ff0000;\">\u2022\u00a0<\/span>Los<strong>\u00a0<\/strong><strong>per\u00edodos de inscripci\u00f3n y baja a ex\u00e1menes y las fechas\u00a0<\/strong><strong>turnos de ex\u00e1menes\u00a0<\/strong>est\u00e1n definidos en el Calendario Acad\u00e9mico de Grado y Pregrado. Las inscripciones se abren a las 08:00 horas del primer d\u00eda y se cierran a las 23:59 del \u00faltimo d\u00eda de inscripci\u00f3n de cada Turno de Examen.<\/p>\n<p><span style=\"color: #ff0000;\">\u2022 <\/span><strong><em>Excepciones<\/em>:<\/strong> En los siguientes casos debes enviar un email a <a href=\"mailto:alumnado@fiq.unl.edu.ar\"><span style=\"color: #ff0000;\">alumnado@fiq.unl.edu.ar<\/span><\/a> solicitando la inscripci\u00f3n si sos de otra UUAA y ten\u00e9s que rendir una electiva.[\/vc_column_text][vc_btn title=\u00bb&gt; Calendarios FIQ-UNL\u00bb style=\u00bbgradient-custom\u00bb gradient_custom_color_1=\u00bb#3c05cc\u00bb gradient_custom_color_2=\u00bb#3c05cc\u00bb shape=\u00bbsquare\u00bb size=\u00bblg\u00bb align=\u00bbleft\u00bb link=\u00bburl:https%3A%2F%2Ffiq.unl.edu.ar%2Fvivilafiq%2Fgestion-del-estudiante%2Fcalendario-fiq%2F|||\u00bb][vc_empty_space height=\u00bb40px\u00bb][vc_column_text]Si necesitas presentar un certificado de examen, descarga el formulario \u00abCertificaci\u00f3n de Examen\u00bb, ped\u00ed al docente que lo complete y presentalo en el Departamento Alumnado para la firma y sello. (La presentaci\u00f3n puede ser de forma presencial o bien, enviar el formulario a alumnado@fiq.unl.edu.ar desde el correo personal del\/la estudiante.)[\/vc_column_text][vc_btn title=\u00bb&gt; Certificado de examen\u00bb style=\u00bbgradient-custom\u00bb gradient_custom_color_1=\u00bb#3c05cc\u00bb gradient_custom_color_2=\u00bb#3c05cc\u00bb shape=\u00bbsquare\u00bb size=\u00bblg\u00bb align=\u00bbleft\u00bb link=\u00bburl:https%3A%2F%2Ffiq.unl.edu.ar%2Fvivilafiq%2Fwp-content%2Fuploads%2F2017%2F03%2FFormulario-de-ExamenFIQ.doc||target:%20_blank|\u00bb][\/vc_column][\/vc_row][vc_row][vc_column][vc_empty_space height=\u00bb40px\u00bb][vc_custom_heading text=\u00bbPREGUNTAS FRECUENTES\u00bb font_container=\u00bbtag:h2|font_size:20|text_align:left|color:%23e32213&#8243; google_fonts=\u00bbfont_family:Lato%3A100%2C100italic%2C300%2C300italic%2Cregular%2Citalic%2C700%2C700italic%2C900%2C900italic|font_style:700%20bold%20regular%3A700%3Anormal\u00bb][vc_tta_accordion style=\u00bboutline\u00bb shape=\u00bbsquare\u00bb color=\u00bbblack\u00bb gap=\u00bb15&#8243; active_section=\u00bb\u00bb no_fill=\u00bbtrue\u00bb collapsible_all=\u00bbtrue\u00bb][vc_tta_section title=\u00bbPromocion\u00e9 asignaturas por parciales, \u00bfdebo inscribirme igual a los ex\u00e1menes finales de estas asignaturas?\u00bb tab_id=\u00bb1637782056800-f0167cd6-e5c725fe-e396&#8243;][vc_empty_space height=\u00bb10px\u00bb][vc_column_text]No. En los \u00faltimos a\u00f1os se implement\u00f3 la opci\u00f3n de inscribirse a parciales mediante el siguiente <a href=\"https:\/\/docs.google.com\/forms\/d\/1ym_6VZi7xDJvE2HrKyciV9lRTsEh5mC274MQE6Wh4SU\/\">formulario<\/a> para aquellos estudiantes regulares de cuatrimestres anteriores, mientras que para estudiantes que se inscriben por SIU Guaran\u00ed al cursado, la inscripci\u00f3n a las actas de promoci\u00f3n es autom\u00e1tica.<br \/>\nEsto permite que el docente cuente con la informaci\u00f3n necesaria, durante el cursado, de aquellos alumnos que desean promocionar la asignatura, confeccion\u00e1ndose un acta a tal fin, la cual el docente completa y entrega al finalizar el cuatrimestre.[\/vc_column_text][vc_empty_space height=\u00bb10px\u00bb][\/vc_tta_section][vc_tta_section title=\u00bb\u00bfQui\u00e9nes pueden rendir en los Turnos Extraordinarios y los Especiales?\u00bb tab_id=\u00bb1637783225551-6c01a453-456125fe-e396&#8243;][vc_empty_space height=\u00bb10px\u00bb][vc_column_text]Los turnos especiales de mayo, junio, octubre y noviembre, son para los alumnos que adeuden hasta cuatro (4) asignaturas para finalizar el Plan de Estudios correspondiente a la carrera que se encuentren cursando.<\/p>\n<p>Adem\u00e1s, los turnos extraordinarios de abril y septiembre son para rendir las asignaturas de los ciclos intermedio y superior que no ofrezcan promoci\u00f3n completa por parciales.[\/vc_column_text][vc_empty_space height=\u00bb10px\u00bb][\/vc_tta_section][vc_tta_section title=\u00bbEn los turnos especiales, \u00bfse cuentan el Proyecto Final, Ingl\u00e9s, Pr\u00e1ctica en F\u00e1brica o Pr\u00e1ctica Profesional Supervisada?\u00bb tab_id=\u00bb1637782663159-bece78fa-d63625fe-e396&#8243;][vc_empty_space height=\u00bb10px\u00bb][vc_column_text]S\u00f3lo se cuenta el Proyecto Final y tres (3) asignaturas m\u00e1s, dentro de las cuales no se cuentan: Ingl\u00e9s, Pr\u00e1ctica en F\u00e1brica ni Pr\u00e1ctica Profesional Supervisada.[\/vc_column_text][vc_empty_space height=\u00bb10px\u00bb][\/vc_tta_section][\/vc_tta_accordion][\/vc_column][\/vc_row][vc_row][vc_column][vc_empty_space height=\u00bb60px\u00bb][\/vc_column][\/vc_row]<\/p>\n","protected":false},"excerpt":{"rendered":"<p>[vc_row][vc_column][vc_column_text]\u2022 La inscripci\u00f3n a ex\u00e1menes finales se realiza a trav\u00e9s del Sistema SIU Guaran\u00ed de cada alumno. En caso de que el sistema te informe un error y no puedas inscribirte, debes enviar a alumnado@fiq.unl.edu.ar,\u00a0dentro de los periodos de inscripci\u00f3n establecidos. \u2022\u00a0Los\u00a0per\u00edodos de inscripci\u00f3n y baja a ex\u00e1menes y las fechas\u00a0turnos de ex\u00e1menes\u00a0est\u00e1n definidos en [&hellip;]<\/p>\n","protected":false},"author":4,"featured_media":0,"parent":6562,"menu_order":0,"comment_status":"closed","ping_status":"closed","template":"","meta":[],"_links":{"self":[{"href":"https:\/\/fiq.unl.edu.ar\/vivilafiq\/wp-json\/wp\/v2\/pages\/6626"}],"collection":[{"href":"https:\/\/fiq.unl.edu.ar\/vivilafiq\/wp-json\/wp\/v2\/pages"}],"about":[{"href":"https:\/\/fiq.unl.edu.ar\/vivilafiq\/wp-json\/wp\/v2\/types\/page"}],"author":[{"embeddable":true,"href":"https:\/\/fiq.unl.edu.ar\/vivilafiq\/wp-json\/wp\/v2\/users\/4"}],"replies":[{"embeddable":true,"href":"https:\/\/fiq.unl.edu.ar\/vivilafiq\/wp-json\/wp\/v2\/comments?post=6626"}],"version-history":[{"count":24,"href":"https:\/\/fiq.unl.edu.ar\/vivilafiq\/wp-json\/wp\/v2\/pages\/6626\/revisions"}],"predecessor-version":[{"id":8603,"href":"https:\/\/fiq.unl.edu.ar\/vivilafiq\/wp-json\/wp\/v2\/pages\/6626\/revisions\/8603"}],"up":[{"embeddable":true,"href":"https:\/\/fiq.unl.edu.ar\/vivilafiq\/wp-json\/wp\/v2\/pages\/6562"}],"wp:attachment":[{"href":"https:\/\/fiq.unl.edu.ar\/vivilafiq\/wp-json\/wp\/v2\/media?parent=6626"}],"curies":[{"name":"wp","href":"https:\/\/api.w.org\/{rel}","templated":true}]}}