{"id":6645,"date":"2021-11-26T12:42:48","date_gmt":"2021-11-26T12:42:48","guid":{"rendered":"https:\/\/fiq.unl.edu.ar\/vivilafiq\/?page_id=6645"},"modified":"2023-01-31T16:31:00","modified_gmt":"2023-01-31T16:31:00","slug":"diploma","status":"publish","type":"page","link":"https:\/\/fiq.unl.edu.ar\/vivilafiq\/gestion-del-estudiante\/diploma\/","title":{"rendered":"Diplomas de Grado y Pregrado"},"content":{"rendered":"<p>[vc_row][vc_column][vc_column_text]De acuerdo a la Ordenanza N\u00b0 4\/2019 se dispone la implementaci\u00f3n del Diploma Digital en el \u00e1mbito de la Universidad Nacional del Litoral. A partir de la misma, el Diploma impreso es solamente un documento simb\u00f3lico, y el documento que tiene validez es el Diploma Digital.<\/p>\n<p>Al iniciar el tr\u00e1mite, el\/la graduado\/a puede solicitar, si as\u00ed lo deseara, la impresi\u00f3n del mismo manteniendo las caracter\u00edsticas tradicionales de los diplomas de la UNL. Si no solicita la impresi\u00f3n del Diploma en esta instancia, no podr\u00e1 hacerlo con posterioridad.<\/p>\n<p>El tr\u00e1mite incluye la emisi\u00f3n del Diploma y del Certificado Anal\u00edtico de Estudios, ambos con intervenci\u00f3n Ministerial. Es por ello que no debe solicitarse por separado el Certificado Anal\u00edtico ya que el tr\u00e1mite es en conjunto.<\/p>\n<p>La tramitaci\u00f3n, adem\u00e1s, incluye las certificaciones provisorias de T\u00edtulo en Tr\u00e1mite y de Certificado Anal\u00edtico Provisorio (v\u00e1lido por 180 d\u00edas).<\/p>\n<p>[\/vc_column_text][vc_tta_accordion active_section=\u00bb\u00bb collapsible_all=\u00bbtrue\u00bb][vc_tta_section title=\u00bbACLARACI\u00d3N IMPORTANTE:\u00bb tab_id=\u00bb1653060653569-ff2339cc-8db0&#8243;][vc_column_text]El\/la graduado\/a que ya posea su T\u00edtulo emitido por la UNL en el formato tradicional en papel o este se encuentre a\u00fan en tr\u00e1mite seg\u00fan la Ordenanza 01\/2011 de Expedici\u00f3n de Diplomas, no debe solicitar el \u201cT\u00edtulo Digital\u201d ya que este tipo de documento es de car\u00e1cter \u00fanico y original. S\u00f3lo podr\u00e1 solicitar la tramitaci\u00f3n de \u201cT\u00edtulo Digital\u201d (quienes posean usuario y clave de SIU GUARANI) en aquellos casos que su T\u00edtulo Original en papel haya sido extraviado, hurtado o se haya deteriorado f\u00edsicamente. Para lo cual,\u00a0 deber\u00e1 presentar la correspondiente constancia de robo\/extrav\u00edo o deterioro respectiva, emitida por autoridad competente, ante la Direcci\u00f3n de Diplomas y Legalizaciones de esta Universidad a trav\u00e9s de <span style=\"color: red;\"><a href=\"mailto:diplomas@rectorado.unl.edu.ar\">diplomas@rectorado.unl.edu.ar<\/a>.<\/span><\/p>\n<p>Para aquellos graduados anteriores a la implementaci\u00f3n del Diploma Digital, es decir que posean el t\u00edtulo en formato tradicional, que no fuera intervenido por el Ministerio de Educaci\u00f3n y necesiten esta tramitaci\u00f3n, deber\u00e1n enviar por mail fotos del diploma (caras frente y posterior) y el certificado anal\u00edtico original\u00a0 a <span style=\"color: red;\"><a href=\"mailto:diplomas@rectorado.unl.edu.ar\">diplomas@rectorado.unl.edu.ar<\/a>.<\/span><\/p>\n<p>En caso de no poseer certificado anal\u00edtico original deber\u00e1 gestionarlo ingresando a seg\u00fan lo descripto en el <span style=\"color: red;\"><a href=\"https:\/\/fiq.unl.edu.ar\/vivilafiq\/gestion-del-estudiante\/certificaciones\/#1638285972424-c4623551-78c6\">siguiente apartado<\/a>.<\/span>[\/vc_column_text][\/vc_tta_section][\/vc_tta_accordion][\/vc_column][\/vc_row][vc_row][vc_column][vc_empty_space height=\u00bb40px\u00bb][vc_custom_heading text=\u00bbSolicitar el Diploma de grado o pregrado\u00bb font_container=\u00bbtag:h2|font_size:30|text_align:left|color:%23000000&#8243; google_fonts=\u00bbfont_family:Lato%3A100%2C100italic%2C300%2C300italic%2Cregular%2Citalic%2C700%2C700italic%2C900%2C900italic|font_style:700%20bold%20regular%3A700%3Anormal\u00bb link=\u00bburl:http%3A%2F%2Ffiq.unl.edu.ar%2Fvivilafiq%2Fwp-content%2Fuploads%2F2021%2F11%2FDiploma-Digital-Guia-Graduado_v3-1.pdf|title:Diplomas|target:%20_blank|\u00bb][vc_separator color=\u00bbblack\u00bb border_width=\u00bb2&#8243;][vc_empty_space height=\u00bb20px\u00bb][vc_tta_accordion active_section=\u00bb\u00bb collapsible_all=\u00bbtrue\u00bb][vc_tta_section title=\u00bb1. SOLICITUD\u00bb tab_id=\u00bb1653059899116-334912c4-9b83&#8243;][vc_column_text]<span style=\"color: #ff0000;\">\u2022<\/span> Ingresar al <span style=\"color: #ff0000;\"><a style=\"color: #ff0000;\" href=\"https:\/\/servicios.unl.edu.ar\/guarani3\/autogestion\/\" target=\"_blank\" rel=\"noopener noreferrer\"><strong>SIU Guaran\u00ed<\/strong><\/a><\/span> con el usuario y clave.<br \/>\n<span style=\"color: #ff0000;\">\u2022<\/span> Completar la encuesta de graduados.<br \/>\n<span style=\"color: #ff0000;\">\u2022<\/span> En la pesta\u00f1a <strong>\u201cTr\u00e1mites\u201d<\/strong> seleccionar la operaci\u00f3n <strong>\u201cGestionar Diploma\u201d. <\/strong>Clickear en el bot\u00f3n <strong>\u201cNueva Solicitud\u201d<\/strong>.<\/p>\n<p dir=\"ltr\"><em><b>Importante:<\/b><\/em>\u00a0<em>La Solicitud de Diploma se autocompleta con los datos cargados en el sistema del graduado\/a. Esta solicitud tiene el car\u00e1cter de declaraci\u00f3n jurada, por lo cual si hubiera alg\u00fan dato incorrecto debe contactarse con Alumnado para que sea corregido. Puede editar el correo electr\u00f3nico y su n\u00famero de tel\u00e9fono. El dato de correo electr\u00f3nico debe estar actualizado ya que all\u00ed, tambi\u00e9n, se env\u00edan las notificaciones del tr\u00e1mite.<\/em><\/p>\n<p dir=\"ltr\"><span style=\"color: #ff0000;\">\u2022<\/span> Si los datos son correctos, seleccionar el T\u00edtulo obtenido y opta entre las opciones:<\/p>\n<p dir=\"ltr\"><strong>&#8211;<\/strong> Diploma digital SIN impresi\u00f3n de cart\u00f3n<\/p>\n<p dir=\"ltr\"><strong>&#8211;<\/strong> Diploma digital CON impresi\u00f3n de cart\u00f3n.<\/p>\n<p dir=\"ltr\"><em><strong>Importante: <\/strong>Es necesario designar un tercero (en este proceso del tr\u00e1mite), para el caso en que el titular de diploma no pueda retirar el cart\u00f3n impreso.<\/em><\/p>\n<p>[\/vc_column_text][\/vc_tta_section][vc_tta_section title=\u00bb2. DIGITALIZACI\u00d3N DE REQUISITOS\u00bb tab_id=\u00bb1653059899174-906e3a7d-6d3f\u00bb][vc_column_text]Deber\u00e1 escanear la siguiente documentaci\u00f3n y subirla:<\/p>\n<p><span style=\"color: #ff0000;\">\u2022 <\/span>Partida de Nacimiento legalizada y actualizada, expedida por el Registro Civil. (No debe exceder los 6 meses desde que se emiti\u00f3).<\/p>\n<p><span style=\"color: #ff0000;\">\u2022 <\/span>DNI (anverso y reverso). El nombre y apellido debe coincidir con la Partida de Nacimiento.<\/p>\n<p><span style=\"color: #ff0000;\">\u2022 <\/span>1 foto tipo carnet de 591 x 591 p\u00edxeles. La misma debe ser tomada de frente con fondo blanco, a la altura de los hombros, con el torso cubierto y en formato JPG. Por favor respetar la medida indicada y las normas expresadas, caso contrario, se solicitar\u00e1 realice un nuevo tr\u00e1mite.<\/p>\n<p><span style=\"color: #ff0000;\">\u2022 <\/span>Libre deuda de Biblioteca FIQ (para solicitarlo mandar un mail a\u00a0<span style=\"color: #ff0000;\"><a style=\"color: #ff0000;\" href=\"mailto:biblioteca@fiq.unl.edu.ar\">biblio@fiq.unl.edu.ar<\/a><\/span>).[\/vc_column_text][\/vc_tta_section][vc_tta_section title=\u00bb3. ABONAR TASA\u00bb tab_id=\u00bb1653059914762-673ae4a5-2b67&#8243;][vc_column_text]Habiendo cumplido con todos los puntos anteriores, el mismo sistema SIU Guaran\u00ed, lo guiar\u00e1 al pago de la tasa correspondiente para el presente tr\u00e1mite<em>. <\/em><\/p>\n<p><em><strong>Importante:<\/strong> S\u00f3lo la opci\u00f3n \u201cTodo Pago\u201d es de acreditaci\u00f3n inmediata. En las otras opciones, la acreditaci\u00f3n para comenzar el tr\u00e1mite demora 48 horas h\u00e1biles desde el momento de su pago y el procesamiento del mismo.<\/em>[\/vc_column_text][\/vc_tta_section][vc_tta_section title=\u00bb4. VALIDACI\u00d3N DE DOCUMENTACI\u00d3N\u00bb tab_id=\u00bb1653060196071-90801c9e-b4c6&#8243;][vc_column_text]Abonada la tasa respectiva, y habiendo cumplido con los \u00edtems anteriores, deber\u00e1 solicitar turno para realizar la validaci\u00f3n respectiva de la documentaci\u00f3n subida. Esta parte del tr\u00e1mite, se realiza mediante una entrevista presencial con el personal responsable del Departamento Alumnado.<\/p>\n<p>Para solicitar turno de validaci\u00f3n ingresar al siguiente <span style=\"color: #ff0000;\"><a style=\"color: #ff0000;\" href=\"https:\/\/calendly.com\/fiq-diplomas\/\">TURNERO<\/a>.<\/span><\/p>\n<p>Deber\u00e1 concurrir el d\u00eda y horario asignado, contando con la documentaci\u00f3n original para validar lo cargado en el sistema.[\/vc_column_text][\/vc_tta_section][vc_tta_section title=\u00bb5. EXPEDIENTE\u00bb tab_id=\u00bb1653060242425-3658e3b6-70bf\u00bb][vc_column_text]Habiendo pasado la entrevista y validados todos sus datos, se da ingreso a su pedido, asign\u00e1ndole el correspondiente n\u00famero de expediente.<\/p>\n<p>Para el seguimiento del expediente puede ingresar a <a href=\"https:\/\/servicios.unl.edu.ar\/expedientes\/\"><span style=\"color: #ff0000;\">Mesa de entrada-Seguimiento de Expedientes<\/span><\/a>. Palabra clave: Ingrese su DNI.<\/p>\n<p>Una vez finalizado el proceso, en el Mesa de Entradas FIQ \u2013 observar\u00e1 que su tr\u00e1mite estar\u00e1 indicado con la siguiente leyenda \u201cArchivo Digital\u201d indicando que concluy\u00f3 la gesti\u00f3n . Su Certificado Anal\u00edtico validado, se encontrar\u00e1 disponible en el\u00a0 SIU Guaran\u00ed ingresando con su usuario y contrase\u00f1a, pudiendo visualizarlo en certificaciones y enviarlo cada vez que lo necesite.<\/p>\n<p><em><strong>Importante:<\/strong><\/em> ingresar a <a href=\"https:\/\/www.unl.edu.ar\/dipt\/firma-digital\/portal-de-firma-digital\/\"><span style=\"color: #ff0000;\">https:\/\/www.unl.edu.ar\/dipt\/firma-digital\/portal-de-firma-digital\/<\/span><\/a>[\/vc_column_text][\/vc_tta_section][vc_tta_section title=\u00bb 6. ENTREGA DEL CART\u00d3N SIMB\u00d3LICO\u00bb tab_id=\u00bb1653060289542-7581e5c4-8462&#8243;][vc_column_text]Para la entrega del cart\u00f3n simb\u00f3lico, una vez impreso, se lo notificar\u00e1 v\u00eda mail, desde la Oficina de Despacho o Despacho Consejo Directivo FIQ.[\/vc_column_text][\/vc_tta_section][\/vc_tta_accordion][\/vc_column][vc_column][vc_empty_space height=\u00bb40px\u00bb][vc_custom_heading text=\u00bbRegistro P\u00fablico de Graduados Universitarios\u00bb google_fonts=\u00bbfont_family:Lato%3A100%2C100italic%2C300%2C300italic%2Cregular%2Citalic%2C700%2C700italic%2C900%2C900italic|font_style:700%20bold%20regular%3A700%3Anormal\u00bb][vc_row_inner][vc_column_inner][vc_column_text]Aquellos graduados que est\u00e9n interesados en ser incluidos en el Registro P\u00fablico de Graduados Universitarios deben enviar un email adjuntando copia del Certificado Anal\u00edtico junto con copia del anverso y reverso del diploma a la casilla de email <span style=\"color: #ff0000;\"><a style=\"color: #ff0000;\" href=\"mailto:diplomas@rectorado.unl.edu.ar\">diplomas@rectorado.unl.edu.ar<\/a><\/span><\/p>\n<p>Desde la oficina de Diplomas y Legalizaciones de la UNL solicitar\u00e1n la incorporaci\u00f3n al registro.[\/vc_column_text][vc_btn title=\u00bbRegistro P\u00fablico de Graduados Universitarios \u00bb color=\u00bbdanger\u00bb link=\u00bburl:https%3A%2F%2Fregistrograduados.siu.edu.ar%2F||target:%20_blank|\u00bb][\/vc_column_inner][\/vc_row_inner][\/vc_column][\/vc_row]<\/p>\n","protected":false},"excerpt":{"rendered":"<p>[vc_row][vc_column][vc_column_text]De acuerdo a la Ordenanza N\u00b0 4\/2019 se dispone la implementaci\u00f3n del Diploma Digital en el \u00e1mbito de la Universidad Nacional del Litoral. A partir de la misma, el Diploma impreso es solamente un documento simb\u00f3lico, y el documento que tiene validez es el Diploma Digital. Al iniciar el tr\u00e1mite, el\/la graduado\/a puede solicitar, si [&hellip;]<\/p>\n","protected":false},"author":4,"featured_media":0,"parent":6562,"menu_order":0,"comment_status":"closed","ping_status":"closed","template":"","meta":[],"_links":{"self":[{"href":"https:\/\/fiq.unl.edu.ar\/vivilafiq\/wp-json\/wp\/v2\/pages\/6645"}],"collection":[{"href":"https:\/\/fiq.unl.edu.ar\/vivilafiq\/wp-json\/wp\/v2\/pages"}],"about":[{"href":"https:\/\/fiq.unl.edu.ar\/vivilafiq\/wp-json\/wp\/v2\/types\/page"}],"author":[{"embeddable":true,"href":"https:\/\/fiq.unl.edu.ar\/vivilafiq\/wp-json\/wp\/v2\/users\/4"}],"replies":[{"embeddable":true,"href":"https:\/\/fiq.unl.edu.ar\/vivilafiq\/wp-json\/wp\/v2\/comments?post=6645"}],"version-history":[{"count":31,"href":"https:\/\/fiq.unl.edu.ar\/vivilafiq\/wp-json\/wp\/v2\/pages\/6645\/revisions"}],"predecessor-version":[{"id":8607,"href":"https:\/\/fiq.unl.edu.ar\/vivilafiq\/wp-json\/wp\/v2\/pages\/6645\/revisions\/8607"}],"up":[{"embeddable":true,"href":"https:\/\/fiq.unl.edu.ar\/vivilafiq\/wp-json\/wp\/v2\/pages\/6562"}],"wp:attachment":[{"href":"https:\/\/fiq.unl.edu.ar\/vivilafiq\/wp-json\/wp\/v2\/media?parent=6645"}],"curies":[{"name":"wp","href":"https:\/\/api.w.org\/{rel}","templated":true}]}}